{"id":89,"date":"2021-01-26T17:24:36","date_gmt":"2021-01-26T16:24:36","guid":{"rendered":"http:\/\/musicalemans.fr\/?page_id=89"},"modified":"2026-04-09T17:10:40","modified_gmt":"2026-04-09T15:10:40","slug":"nous-rejoindre","status":"publish","type":"page","link":"https:\/\/musicalemans.fr\/index.php\/nous-rejoindre\/","title":{"rendered":"Nous rejoindre"},"content":{"rendered":"\n<h2 class=\"wp-block-heading\">Saison 2025-2026<\/h2>\n\n\n<div class=\"wp-block-image\">\n<figure class=\"aligncenter size-full\"><img loading=\"lazy\" decoding=\"async\" width=\"851\" height=\"315\" src=\"https:\/\/musicalemans.fr\/wp-content\/uploads\/2026\/03\/banniere.png\" alt=\"\" class=\"wp-image-928\" srcset=\"https:\/\/musicalemans.fr\/wp-content\/uploads\/2026\/03\/banniere.png 851w, https:\/\/musicalemans.fr\/wp-content\/uploads\/2026\/03\/banniere-300x111.png 300w, https:\/\/musicalemans.fr\/wp-content\/uploads\/2026\/03\/banniere-768x284.png 768w\" sizes=\"auto, (max-width: 851px) 100vw, 851px\" \/><\/figure>\n<\/div>\n\n\n<div class=\"wp-block-cover alignwide is-light\" style=\"min-height:559px;aspect-ratio:unset;\"><span aria-hidden=\"true\" class=\"wp-block-cover__background has-background-dim-100 has-background-dim\" style=\"background-color:#ffffff\"><\/span><div class=\"wp-block-cover__inner-container is-layout-flow wp-block-cover-is-layout-flow\">\n<div class=\"wp-block-media-text alignwide is-stacked-on-mobile is-vertically-aligned-center is-image-fill-element\" style=\"grid-template-columns:64% auto\"><figure class=\"wp-block-media-text__media\"><img loading=\"lazy\" decoding=\"async\" width=\"1024\" height=\"768\" src=\"https:\/\/musicalemans.fr\/wp-content\/uploads\/2025\/02\/uDnPvGTZuNiD0vBn-1024x768.jpg\" alt=\"\" class=\"wp-image-545 size-full\" style=\"object-position:50% 50%\" srcset=\"https:\/\/musicalemans.fr\/wp-content\/uploads\/2025\/02\/uDnPvGTZuNiD0vBn-1024x768.jpg 1024w, https:\/\/musicalemans.fr\/wp-content\/uploads\/2025\/02\/uDnPvGTZuNiD0vBn-300x225.jpg 300w, https:\/\/musicalemans.fr\/wp-content\/uploads\/2025\/02\/uDnPvGTZuNiD0vBn-768x576.jpg 768w, https:\/\/musicalemans.fr\/wp-content\/uploads\/2025\/02\/uDnPvGTZuNiD0vBn-1536x1152.jpg 1536w, https:\/\/musicalemans.fr\/wp-content\/uploads\/2025\/02\/uDnPvGTZuNiD0vBn-960x720.jpg 960w, https:\/\/musicalemans.fr\/wp-content\/uploads\/2025\/02\/uDnPvGTZuNiD0vBn-640x480.jpg 640w, https:\/\/musicalemans.fr\/wp-content\/uploads\/2025\/02\/uDnPvGTZuNiD0vBn.jpg 1600w\" sizes=\"auto, (max-width: 1024px) 100vw, 1024px\" \/><\/figure><div class=\"wp-block-media-text__content\">\n<h2 class=\"wp-block-heading has-text-align-center has-text-color\" style=\"color:#000000;font-size:23px;font-style:italic;font-weight:1000\">Vous avez plusieurs ann\u00e9es de pratique et l&#8217;envie d&#8217;int\u00e9grer l&#8217;un de nos deux orchestres ?<\/h2>\n\n\n\n<p class=\"has-text-align-center has-black-color has-text-color has-link-color wp-elements-a37e7246fe30150d38b4d9bfac024b95\" style=\"font-size:18px\"><a href=\"https:\/\/musicalemans.fr\/index.php\/contact\/\" data-type=\"page\" data-id=\"34\"><strong><mark style=\"background-color:rgba(0, 0, 0, 0);color:#ffa500\" class=\"has-inline-color\">Contactez-nous<\/mark><\/strong><\/a> pour rejoindre la Musique Municipale du Mans.<\/p>\n\n\n\n<p class=\"has-text-align-center\" style=\"font-size:17px\">Pour l&#8217;Orchestre d&#8217;Harmonie, les r\u00e9p\u00e9titions ont lieu le lundi soir \u00e0 partir de 20h15 salle Banjan au Mans.<br><br>Pour l&#8217;Orchestre Symphonique, les r\u00e9p\u00e9titions ont lieu le mercredi soir \u00e0 partir de 20h15 au Conservatoire du Mans.<\/p>\n<\/div><\/div>\n<\/div><\/div>\n\n\n\n<p><\/p>\n","protected":false},"excerpt":{"rendered":"<p>Saison 2025-2026<\/p>\n","protected":false},"author":1,"featured_media":0,"parent":0,"menu_order":4,"comment_status":"closed","ping_status":"closed","template":"","meta":{"ngg_post_thumbnail":0,"footnotes":""},"class_list":["post-89","page","type-page","status-publish","hentry"],"jetpack_sharing_enabled":true,"_links":{"self":[{"href":"https:\/\/musicalemans.fr\/index.php\/wp-json\/wp\/v2\/pages\/89","targetHints":{"allow":["GET"]}}],"collection":[{"href":"https:\/\/musicalemans.fr\/index.php\/wp-json\/wp\/v2\/pages"}],"about":[{"href":"https:\/\/musicalemans.fr\/index.php\/wp-json\/wp\/v2\/types\/page"}],"author":[{"embeddable":true,"href":"https:\/\/musicalemans.fr\/index.php\/wp-json\/wp\/v2\/users\/1"}],"replies":[{"embeddable":true,"href":"https:\/\/musicalemans.fr\/index.php\/wp-json\/wp\/v2\/comments?post=89"}],"version-history":[{"count":22,"href":"https:\/\/musicalemans.fr\/index.php\/wp-json\/wp\/v2\/pages\/89\/revisions"}],"predecessor-version":[{"id":947,"href":"https:\/\/musicalemans.fr\/index.php\/wp-json\/wp\/v2\/pages\/89\/revisions\/947"}],"wp:attachment":[{"href":"https:\/\/musicalemans.fr\/index.php\/wp-json\/wp\/v2\/media?parent=89"}],"curies":[{"name":"wp","href":"https:\/\/api.w.org\/{rel}","templated":true}]}}