{"id":194,"date":"2021-06-14T22:22:30","date_gmt":"2021-06-14T20:22:30","guid":{"rendered":"http:\/\/musicalemans.fr\/?page_id=194"},"modified":"2026-03-13T09:30:31","modified_gmt":"2026-03-13T08:30:31","slug":"home","status":"publish","type":"page","link":"https:\/\/musicalemans.fr\/","title":{"rendered":"Accueil"},"content":{"rendered":"\n<div class=\"wp-block-group alignwide is-content-justification-center is-nowrap is-layout-flex wp-container-core-group-is-layout-94bc23d7 wp-block-group-is-layout-flex\"><div class=\"wp-block-image\">\n<figure class=\"aligncenter size-full\"><img loading=\"lazy\" decoding=\"async\" width=\"851\" height=\"315\" src=\"https:\/\/musicalemans.fr\/wp-content\/uploads\/2026\/03\/banniere.png\" alt=\"\" class=\"wp-image-928\" srcset=\"https:\/\/musicalemans.fr\/wp-content\/uploads\/2026\/03\/banniere.png 851w, https:\/\/musicalemans.fr\/wp-content\/uploads\/2026\/03\/banniere-300x111.png 300w, https:\/\/musicalemans.fr\/wp-content\/uploads\/2026\/03\/banniere-768x284.png 768w\" sizes=\"auto, (max-width: 851px) 100vw, 851px\" \/><\/figure>\n<\/div><\/div>\n\n\n\n<p class=\"has-text-align-center\"><\/p>\n\n\n\n<div class=\"wp-block-group is-nowrap is-layout-flex wp-container-core-group-is-layout-ad2f72ca wp-block-group-is-layout-flex\">\n<p class=\"has-gray-color has-text-color has-link-color wp-elements-7de46b78439495caa22ede94db82e155\">La Musique Municipale de la ville du Mans est compos\u00e9e aujourd\u2019hui de deux orchestres, l\u2019Orchestre d\u2019Harmonie et l\u2019Orchestre Symphonique, r\u00e9unissant plus d\u2019une centaine de musiciennes et musiciens amateurs qui pratiquent r\u00e9guli\u00e8rement et se produisent, au Mans, dans le d\u00e9partement et hors d\u00e9partement, pour le plaisir de partager leur passion.<\/p>\n<\/div>\n\n\n\n<p class=\"has-gray-color has-text-color has-link-color wp-elements-ef8bb89dc36ba2e51c7fdd5e22979bce\">La mission des deux formations est de participer \u00e0 la vie culturelle mancelle. L\u2019association organise de nombreux concerts avec des programmes vari\u00e9s afin de satisfaire un large public.<\/p>\n\n\n<div class=\"wp-block-image\">\n<figure class=\"aligncenter size-large is-resized\"><img loading=\"lazy\" decoding=\"async\" width=\"1024\" height=\"768\" src=\"https:\/\/musicalemans.fr\/wp-content\/uploads\/2025\/02\/uDnPvGTZuNiD0vBn-1024x768.jpg\" alt=\"\" class=\"wp-image-545\" style=\"width:681px;height:auto\" srcset=\"https:\/\/musicalemans.fr\/wp-content\/uploads\/2025\/02\/uDnPvGTZuNiD0vBn-1024x768.jpg 1024w, https:\/\/musicalemans.fr\/wp-content\/uploads\/2025\/02\/uDnPvGTZuNiD0vBn-300x225.jpg 300w, https:\/\/musicalemans.fr\/wp-content\/uploads\/2025\/02\/uDnPvGTZuNiD0vBn-768x576.jpg 768w, https:\/\/musicalemans.fr\/wp-content\/uploads\/2025\/02\/uDnPvGTZuNiD0vBn-1536x1152.jpg 1536w, https:\/\/musicalemans.fr\/wp-content\/uploads\/2025\/02\/uDnPvGTZuNiD0vBn-960x720.jpg 960w, https:\/\/musicalemans.fr\/wp-content\/uploads\/2025\/02\/uDnPvGTZuNiD0vBn-640x480.jpg 640w, https:\/\/musicalemans.fr\/wp-content\/uploads\/2025\/02\/uDnPvGTZuNiD0vBn.jpg 1600w\" sizes=\"auto, (max-width: 1024px) 100vw, 1024px\" \/><\/figure>\n<\/div>\n\n<div\n\t\t\t\tid=\"hustle-embedded-id-1\"\n\t\t\t\tclass=\"hustle-ui hustle-inline hustle-palette--sunrise hustle_module_id_1 module_id_1   hustle-size--custom\"\n\t\t\t\t\n\t\t\tdata-id=\"1\"\n\t\t\tdata-render-id=\"0\"\n\t\t\tdata-tracking=\"enabled\"\n\t\t\t\n\t\t\t\tdata-intro=\"no_animation\"\n\t\t\t\tdata-sub-type=\"shortcode\"\n\t\t\t\t\n\t\t\t\tstyle=\"opacity: 0;\"\n\t\t\t\taria-label=\"Suivez notre actualit\u00e9 ! popup\"\n\t\t\t><div class=\"hustle-inline-content\"><div class=\"hustle-optin hustle-optin--compact\"><div class=\"hustle-optin-content\"><div class=\"hustle-success\" data-close-delay=\"5000\" style=\"display: none;\"><span class=\"hustle-icon-check\" aria-hidden=\"true\"><\/span><div class=\"hustle-success-content\"><\/div><\/div><div class=\"hustle-layout\"><div class=\"hustle-main-wrapper\"><div class=\"hustle-layout-body\"><div class=\"hustle-layout-content\"><div class=\"hustle-content\"><div class=\"hustle-content-wrap\"><div class=\"hustle-group-title\"><h3 class=\"hustle-title\">Suivez notre actualit\u00e9 !<\/h3><\/div><div class=\"hustle-group-content\"><p>Inscrivez-vous gratuitement pour recevoir par mail les informations concernant nos prochains concerts et \u00e9v\u00e9nements.<\/p>\n<\/div><\/div><\/div><form class=\"hustle-layout-form\" novalidate=\"novalidate\"><div class=\"hustle-form hustle-form-inline\"><div class=\"hustle-form-fields hustle-proximity-joined\"><div class=\"hustle-field hustle-field-icon--static hustle-field-required \"><label for=\"hustle-field-email-module-1\" id=\"hustle-field-email-module-1-label\" class=\"hustle-screen-reader\">votre adresse mail<\/label><input id=\"hustle-field-email-module-1\" type=\"email\" class=\"hustle-input \" name=\"email\" value=\"\" aria-labelledby=\"hustle-field-email-module-1-label\" data-validate=\"1\" data-required-error=\"Your email is required.\" data-validation-error=\"Please enter a valid email.\" \/><span class=\"hustle-input-label\" aria-hidden=\"true\" style=\"flex-flow: row nowrap;\"><span class=\"hustle-icon-email\"><\/span><span>monadresse@exemple.com<\/span><\/span><\/div><button class=\"hustle-button hustle-button-submit \" aria-live=\"polite\" data-loading-text=\"Form is being submitted, please wait a bit.\"><span class=\"hustle-button-text\">Envoyer<\/span><span class=\"hustle-icon-loader hustle-loading-icon\" aria-hidden=\"true\"><\/span><\/button><\/div><\/div><input type=\"hidden\" name=\"hustle_module_id\" value=\"1\"><input type=\"hidden\" name=\"post_id\" value=\"0\"><input type=\"hidden\" name=\"hustle_sub_type\" value=\"shortcode\"><div class=\"hustle-error-message\" style=\"display: none;\" data-default-error=\"Oups ! Quelque chose s&#039;est mal pass\u00e9, r\u00e9essayez.\"><\/div><\/form><\/div><\/div><\/div><\/div><\/div><\/div><\/div><\/div>\n\n\n\n<h2 class=\"wp-block-heading\" style=\"font-style:italic;font-weight:600\">Nos prochains concerts<\/h2>\n\n\n\n<p class=\"has-white-color has-text-color has-link-color wp-elements-b1cec1fafc050f8221d4f86561660736\"><div class=\"em em-view-container\" id=\"em-view-1943382670\" data-view=\"list\">\r\n\t<div class=\"em pixelbones em-list em-events-list\" id=\"em-events-list-1943382670\" data-view-id=\"1943382670\">\r\n\tAucun concert\t<\/div>\r\n<\/div><\/p>\n\n\n\n<hr class=\"wp-block-separator has-text-color has-white-color has-css-opacity has-white-background-color has-background is-style-wide\"\/>\n\n\n\n<p style=\"font-size:14px\">La Musique Municipale du Mans est soutenue par la Ville du Mans, le D\u00e9partement de la Sarthe, TVmaine, Le Mans TV Sarthe, Hyper Buro et la F\u00e9d\u00e9ration Musicale de la Sarthe.<\/p>\n\n\n\n<figure class=\"wp-block-image size-large is-style-rounded\"><img loading=\"lazy\" decoding=\"async\" width=\"1024\" height=\"108\" src=\"https:\/\/musicalemans.fr\/wp-content\/uploads\/2025\/01\/2025_01-sponsors-1024x108-1.png\" alt=\"\" class=\"wp-image-468\" srcset=\"https:\/\/musicalemans.fr\/wp-content\/uploads\/2025\/01\/2025_01-sponsors-1024x108-1.png 1024w, https:\/\/musicalemans.fr\/wp-content\/uploads\/2025\/01\/2025_01-sponsors-1024x108-1-300x32.png 300w, https:\/\/musicalemans.fr\/wp-content\/uploads\/2025\/01\/2025_01-sponsors-1024x108-1-768x81.png 768w\" sizes=\"auto, (max-width: 1024px) 100vw, 1024px\" \/><\/figure>\n\n\n\n<p><\/p>\n","protected":false},"excerpt":{"rendered":"<p>La Musique Municipale de la ville du Mans est compos\u00e9e aujourd\u2019hui de deux orchestres, l\u2019Orchestre d\u2019Harmonie et l\u2019Orchestre Symphonique, r\u00e9unissant plus d\u2019une centaine de musiciennes et musiciens amateurs qui pratiquent<a href=\"https:\/\/musicalemans.fr\/\" class=\"more-link\"><span class=\"readmore\">Continue reading<span class=\"screen-reader-text\">Accueil<\/span><\/span><\/a><\/p>\n","protected":false},"author":1,"featured_media":0,"parent":0,"menu_order":0,"comment_status":"closed","ping_status":"closed","template":"","meta":{"ngg_post_thumbnail":0,"footnotes":""},"class_list":["post-194","page","type-page","status-publish","hentry"],"jetpack_sharing_enabled":true,"_links":{"self":[{"href":"https:\/\/musicalemans.fr\/index.php\/wp-json\/wp\/v2\/pages\/194","targetHints":{"allow":["GET"]}}],"collection":[{"href":"https:\/\/musicalemans.fr\/index.php\/wp-json\/wp\/v2\/pages"}],"about":[{"href":"https:\/\/musicalemans.fr\/index.php\/wp-json\/wp\/v2\/types\/page"}],"author":[{"embeddable":true,"href":"https:\/\/musicalemans.fr\/index.php\/wp-json\/wp\/v2\/users\/1"}],"replies":[{"embeddable":true,"href":"https:\/\/musicalemans.fr\/index.php\/wp-json\/wp\/v2\/comments?post=194"}],"version-history":[{"count":47,"href":"https:\/\/musicalemans.fr\/index.php\/wp-json\/wp\/v2\/pages\/194\/revisions"}],"predecessor-version":[{"id":932,"href":"https:\/\/musicalemans.fr\/index.php\/wp-json\/wp\/v2\/pages\/194\/revisions\/932"}],"wp:attachment":[{"href":"https:\/\/musicalemans.fr\/index.php\/wp-json\/wp\/v2\/media?parent=194"}],"curies":[{"name":"wp","href":"https:\/\/api.w.org\/{rel}","templated":true}]}}